6 + 8611. What is the tens digit of p?
2
What is the tens digit of (1/(-12))/((-1)/20498) + 2502/(-15012)?
0
Let j = 402 + -374. Suppose 6538 + 10150 = j*w. What is the tens digit of w?
9
Suppose -354 = 6*u - 0*u - 4086. What is the hundreds digit of u?
6
Suppose -f + 4 = 0, -10*d + 6*d + f = 776. Let c = 228 - d. What is the units digit of c?
1
Suppose -26*r + 19440 + 16336 - 962 = 0. What is the thousands digit of r?
1
Let n = 1809 + 2999. What is the units digit of n?
8
Let d(u) = 100 - 182 + 5*u + 92. Let i(j) = -j. Let g be i(-9). What is the tens digit of d(g)?
5
Let f(m) = -4 + 28 - 122*m + 8*m + 19*m. What is the hundreds digit of f(-2)?
2
Let x = -2548 - -15923. What is the units digit of x?
5
Let c(d) = d**3 - 10*d**2 - 38*d + 18. Let u be c(13). Let k be ((-136)/(-3))/(1/3). Let x = u + k. What is the hundreds digit of x?
1
Let m = 22913 + -2502. What is the hundreds digit of m?
4
Let a(w) = -w**3 - 19*w**2 - 22*w - 36. Let d(p) = -2*p**3 - 38*p**2 - 43*p - 73. Let o(g) = 11*a(g) - 6*d(g). What is the hundreds digit of o(-17)?
3
Suppose -4*d + 5646 = -j, 0 = 2*d - 0*j + 2*j - 2818. Suppose -d + 109 = -6*x. What is the units digit of x?
7
Let b(n) = 18*n - 72. Let z be b(-19). Let x = -38 - z. What is the hundreds digit of x?
3
Suppose g = 84 + 11. Let a = g + 555. Suppose 5*s - a = -2*z, 5*z = s + 3*s - 520. What is the tens digit of s?
3
Suppose 3*l + f = 24920 - 7000, 17924 = 3*l - f. What is the hundreds digit of l?
9
Suppose 0 = 5*u + q + 489 + 132, -2*u = -q + 247. Suppose g + 424 = -2*v, v + 5*g + 70 = -142. Let c = u - v. What is the tens digit of c?
8
Suppose 0 = -4*y - 6 + 42. Suppose h - y = -2. Suppose s - 3*i = -h*i + 136, -s - i + 145 = 0. What is the tens digit of s?
4
Let r(j) = j**3 + 19*j**2 - 15*j + 48. Let v be r(-20). Suppose 0 = -4*w - 0*w + 276. Let t = v + w. What is the units digit of t?
7
Let n(x) = 8*x**3 + 4*x**2 - 6*x - 7. Let o be (-268)/(-201) + 8/3. What is the hundreds digit of n(o)?
5
Suppose -2*t + 0*t + 58 = f, -5*t + 143 = 3*f. Let s(i) = -3*i**2 + 9*i + 12. Let g be s(-5). What is the tens digit of ((-24)/g + t/(-18))*-96?
4
Suppose -107 = -3*c - 17. Let t = 3621 - 3616. Suppose 2*l = 2*w - c, 0*w + l + 63 = t*w. What is the tens digit of w?
1
What is the units digit of 21*(1 + (-2330)/(-30))?
2
Suppose 263*x = 260*x + 1452. Suppose -2*h + x = -2*j - 698, -2*j = -2. What is the tens digit of h?
9
Suppose -3*f = -6, -2*c - 7*f = -2*f - 922. Suppose 3*k - c = -3*q, -3*k = -8*k + 4*q + 715. What is the tens digit of k?
4
Suppose -14*j + 87271 - 43901 = -95160. What is the units digit of j?
5
Let r be -1*(4 + (-1 - 8)). Suppose x = -3*p - 6, -5*x + r*p + 17 = -13. What is the units digit of (x - 0)/((-9)/(-12))?
4
Let z be -8*((-15)/(-12))/(-5). Suppose -c = -2*g - 1, c + 8 = z*c + 5*g. Suppose -f + 3*f = c*b + 327, -3*b - 840 = -5*f. What is the units digit of f?
1
Let a = 553 + -309. Suppose 4*s + y - 621 = -s, 0 = -2*s + 4*y + a. What is the hundreds digit of s?
1
Let r(b) = 60*b - 23. Let i = -240 - -247. What is the units digit of r(i)?
7
Suppose 7*u = 138 + 233. Let y = -219 + u. Let v = y - -286. What is the tens digit of v?
2
Suppose 0 = -4*t + 4*z + 304, 7*t - z = 3*t + 295. Suppose 5*w - 73 = 297. Suppose 0 = w*i - t*i - 52. What is the tens digit of i?
5
Let b be (276/(-322))/((-2)/35). Suppose -b*o + 122 = -13*o. What is the units digit of o?
1
Suppose -90*i + 83*i - 3654 = 0. Let u = i - -757. What is the hundreds digit of u?
2
Let m(x) = x**2 + 6*x + 2. Let d be m(-8). Let u be (4 + 10)*(-3)/(d/(-3)). Suppose -a = -u*a + 1224. What is the units digit of a?
4
Let p = 0 - -16. Let l be 3/(-12)*7/((-14)/p). Suppose -5*v = -15, -4*w - l*v + v + 115 = 0. What is the units digit of w?
8
Let h(r) = 67*r - 12. Let y be h(22). Let i = y + -754. What is the units digit of i?
8
Let k = -297 + 309. Suppose 5*w = 182 - k. What is the units digit of w?
4
Suppose 31535 = 5*j + 5*c, 4*c + 12608 = 2*j + 8*c. What is the units digit of j?
0
Let i(p) be the second derivative of p**4/12 + 5*p**3/2 + 11*p**2/2 + 20*p. Suppose 85 = -5*x - 5*t, x + 15 = -4*t - 2. What is the tens digit of i(x)?
4
Let x = 2757 - 1330. Let b = 2041 - x. What is the tens digit of b?
1
Let t = 650 + -406. Suppose 242*u = t*u - 410. What is the tens digit of u?
0
Let v(l) = -l**3 - 20*l**2 - 20*l + 29. Let b be v(-19). What is the hundreds digit of (72/b)/((-3)/(-988))?
4
Suppose -u - 160 = -21*u. Let c be 6/(-8) + (-117)/(-12). What is the units digit of c*2/u - (-1)/(-4)?
2
Let o = -48 - -61. Let g(c) = -c**3 + 13*c**2 - c + 15. Let u be g(o). What is the hundreds digit of u/(-4) + (-426)/(-4)?
1
Let v be -1*(85 + 1 + 1). Suppose -3*c + 24 = 4*k + 187, 0 = k - 4*c + 17. Let j = k - v. What is the units digit of j?
0
Let w be 21203/28*(-2)/3*-6. Suppose 9*b - 16439 + w = 0. What is the thousands digit of b?
1
Let f be (-25 - -21)*1/2*-1. Suppose -3*o + 4*o = -u - 7, -f*o - 5 = u. What is the tens digit of 0*(-3)/u - -61?
6
Let p(i) = 243 - 207 + 19*i - 4*i. What is the units digit of p(5)?
1
Let j = -670 + 968. Suppose -t = 3*p - j, -t = t - 3*p - 596. What is the tens digit of t?
9
Let r(n) = -n**2. Let l(o) = -29*o**2 + 8*o - 11. Let p(k) = -l(k) + 3*r(k). What is the thousands digit of p(-8)?
1
Let a(u) = 35*u + 13. Suppose 67 = 15*b - 53. What is the tens digit of a(b)?
9
Suppose -133511 = 79*v - 183175 - 264519. What is the units digit of v?
7
Let u be 3981 - 3*(-5 + 78/18). Suppose -2*r + 1042 = p, 5*p - 2*r - u = 1167. What is the tens digit of p?
3
Suppose 19853 = -31*i + 859687 + 697053. What is the ten thousands digit of i?
4
Suppose 2522973 = 160*p - 387267. What is the tens digit of p?
8
Suppose 0 = 2*n + 5*q - 40, -2*n + 0*n + 2*q = -26. What is the tens digit of n/((-35)/7) + 423 + 0?
2
Let u(t) = t**3 - 6*t**2 - 8*t + 13. Let a be u(7). Suppose -j = 5*r - 145, 2*j = r - a*r + 140. What is the units digit of r?
0
Let d = 363 + -265. What is the tens digit of d/5*10/4?
4
Let j(n) = 3*n**2 - 10*n - 14. Let g be j(16). Suppose g = 9*m - 6*m. What is the units digit of m?
8
Let f(l) = l**2 - 6*l + 2. Let s = -46 - -52. Let z be f(s). Suppose -z*o + 168 = 5*m, 3*o - 5*m + 14 = 216. What is the units digit of o?
4
Let z(x) = x**3 + 5*x**2 - 11*x - 10. Let n be (-16 + 1)*(-8 - (-76)/10). What is the units digit of z(n)?
0
Let u(x) = 164*x + 268. What is the hundreds digit of u(15)?
7
Let w(s) = -9*s**2 + s + 8. Let l be w(-2). Let p(c) = -2*c**3 - 61*c**2 - 33*c + 10. What is the tens digit of p(l)?
0
Suppose -a = -4*a + 2820. Suppose 13*p = 23*p - a. What is the units digit of p?
4
Suppose 0 = 2*o - 4 - 40. Suppose 5 = -c, -q + o = -5*c - 290. What is the units digit of q?
7
Let z = -3670 - -41651. What is the thousands digit of z?
7
What is the tens digit of (-181959648)/(-12480) - -1*1/(-10)?
8
Suppose 0 = s + s - x + 65, 2*x - 97 = 3*s. Let p be s/39 + 2/(-39)*3. What is the units digit of 86 + (2 + p + -1)/(-2)?
6
Suppose -n + 27 = m + 7, 3*n - 77 = -4*m. Suppose 613 = m*t - 815. What is the tens digit of t?
8
Let r be ((9/3)/3)/1 + -2. Let q be 1/(3/((-30)/r)). Suppose 6*v - q*v + 244 = 0. What is the units digit of v?
1
Let w(n) = 263*n**2 - n - 82. What is the thousands digit of w(7)?
2
Suppose -57*g + 84*g = 498042. What is the tens digit of g?
4
Let w(u) = -u**2 + 3*u + 24. Let g be w(6). Suppose 21*c + g*c = 25380. What is the units digit of c?
0
Let a(s) be the third derivative of s**6/60 - s**5/20 + s**4/24 + s**3/2 - 9*s**2. Let m be a(2). Let y(f) = 7*f - 16. What is the units digit of y(m)?
7
Let a(w) = 2562*w + 1083. What is the thousands digit of a(21)?
4
Let v = 17 + -14. Suppose 0 = -4*p - v*p - 119. Let w = p + 101. What is the tens digit of w?
8
Let w be 4 + 5/((-15)/27) - -3. Let j(c) = -2*c + 46. Let y be j(17). What is the tens digit of (w + 210/y)/(2/4)?
3
Let h be (-345)/(-27) + ((-1064)/72 - -8 - -7). Let x(d) = -d**2 - 3*d. Let c be x(-3). Suppose -h*t + 927 - 69 = c. What is the tens digit of t?
6
Suppose 99*z - 12089 = 95*z - c, 4*z - c = 12095. What is the hundreds digit of z?
0
Let h(m) = -97*m + 10. Let s(o) = 194*o - 23. Let z(w) = 15*h(w) + 6*s(w). What is the tens digit of z(-4)?
7
Suppose 2*b + 13*b = 30. Suppose -5*r - 4*j = -1271, -r + b*j - 6*j = -251. What is the units digit o